{"id":1326,"date":"2025-10-13T23:47:33","date_gmt":"2025-10-13T23:47:33","guid":{"rendered":"https:\/\/estudiofochesato.com\/?page_id=1326"},"modified":"2025-10-14T00:17:47","modified_gmt":"2025-10-14T00:17:47","slug":"ciudadania-argentina-ciudadania-italiana-ciudadania-espanola","status":"publish","type":"page","link":"https:\/\/estudiofochesato.com\/?page_id=1326","title":{"rendered":"Ciudadan\u00edas"},"content":{"rendered":"\n<div class=\"wp-block-stackable-columns alignfull stk-block-columns stk-block stk-64fe829 stk-block-background stk--has-background-overlay\" data-block-id=\"64fe829\"><style>.stk-64fe829 {background-image:url(https:\/\/estudiofochesato.com\/wp-content\/uploads\/2023\/03\/WhatsApp-Image-2021-01-08-at-16.18.05.jpeg-1.jpeg) !important;border-style:solid !important;min-height:534px !important;align-items:center !important;padding-top:var(--stk--preset--spacing--70, 3.38rem) !important;padding-right:var(--stk--preset--spacing--70, 3.38rem) !important;padding-bottom:var(--stk--preset--spacing--70, 3.38rem) !important;padding-left:var(--stk--preset--spacing--70, 3.38rem) !important;margin-bottom:0px !important;display:flex !important;}.stk-64fe829:before{background-color:#000000 !important;opacity:0.3 !important;}<\/style><div class=\"stk-row stk-inner-blocks stk-block-content stk-content-align stk-64fe829-column alignwide\">\n<div class=\"wp-block-stackable-column stk-block-column stk-column stk-block stk-05a9dd9\" data-v=\"4\" data-block-id=\"05a9dd9\"><div class=\"stk-column-wrapper stk-block-column__content stk-container stk-05a9dd9-container stk--no-background stk--no-padding\"><div class=\"stk-block-content stk-inner-blocks stk-05a9dd9-inner-blocks\">\n<div class=\"wp-block-stackable-heading stk-block-heading stk-block-heading--v2 stk-block stk-46c7aeb\" id=\"heading-placeholder\" data-block-id=\"46c7aeb\"><style>.stk-46c7aeb .stk-block-heading__text{color:#ffffff !important;}<\/style><h2 class=\"stk-block-heading__text has-text-color\">Tramitaciones integrales de Ciudadan\u00edas.<\/h2><\/div>\n\n\n\n<div class=\"wp-block-stackable-text stk-block-text stk-block stk-6436371\" data-block-id=\"6436371\"><style>.stk-6436371 .stk-block-text__text{color:#ffffff !important;}<\/style><p class=\"stk-block-text__text has-text-color\">Nos especializamos en la tramitaci\u00f3n completa de ciudadan\u00edas internacionales: desde la asistencia en la preparaci\u00f3n de carpeta familiar y asistencia en el proceso de relleno de formularios hasta la consecuci\u00f3n del turno de inicio del tr\u00e1mite por la embajada correspondiente.<\/p><\/div>\n\n\n\n<div class=\"wp-block-stackable-button-group stk-block-button-group stk-block stk-93f275c\" data-block-id=\"93f275c\"><div class=\"stk-row stk-inner-blocks stk-block-content stk-button-group\">\n<div class=\"wp-block-stackable-button stk-block-button stk-block stk-3176347\" data-block-id=\"3176347\"><a class=\"stk-link stk-button stk--hover-effect-darken\" href=\"https:\/\/api.whatsapp.com\/message\/BY4XDIR6XUZ2D1?autoload=1&amp;app_absent=0\" title=\"Tramite Ciudadan\u00eda\" target=\"_blank\" rel=\"noreferrer noopener\"><span class=\"stk-button__inner-text\">Escribinos sin cargo por aqu\u00ed<\/span><\/a><\/div>\n<\/div><\/div>\n<\/div><\/div><\/div>\n<\/div><\/div>\n\n\n\n<p><\/p>\n\n\n\n<div class=\"wp-block-stackable-columns alignfull stk-block-columns stk-block stk-0359e53\" data-block-id=\"0359e53\"><style>.stk-0359e53 {margin-top:var(--stk--preset--spacing--70, 3.38rem) !important;margin-bottom:var(--stk--preset--spacing--70, 3.38rem) !important;}<\/style><div class=\"stk-row stk-inner-blocks stk-block-content stk-content-align stk-0359e53-column alignwide\">\n<div class=\"wp-block-stackable-column stk-block-column stk-column stk-block stk-a836eb9\" data-v=\"4\" data-block-id=\"a836eb9\"><div class=\"stk-column-wrapper stk-block-column__content stk-container stk-a836eb9-container stk--no-background stk--no-padding\"><div class=\"stk-block-content stk-inner-blocks stk-a836eb9-inner-blocks\">\n<div class=\"wp-block-stackable-heading stk-block-heading stk-block-heading--v2 stk-block stk-b384f44\" id=\"heading-placeholder\" data-block-id=\"b384f44\"><h2 class=\"stk-block-heading__text has-text-align-center\">\u00bfQu\u00e9 ciudadan\u00eda tramitamos?<\/h2><\/div>\n\n\n\n<div class=\"wp-block-stackable-text stk-block-text stk-block stk-4aa0466\" data-block-id=\"4aa0466\"><p class=\"stk-block-text__text has-text-align-center\">Estudio Jur\u00eddico Fochesato y Asociados &#8211; Tramitaciones de Ciudadan\u00edas Italianas &#8211; Ciudadan\u00edas Espa\u00f1olas &#8211; Ciudadan\u00edas Argentinas para Extranjeros.<\/p><\/div>\n\n\n\n<div class=\"wp-block-stackable-columns stk-block-columns stk-block stk-20e8b2c\" data-block-id=\"20e8b2c\"><div class=\"stk-row stk-inner-blocks stk-block-content stk-content-align stk-20e8b2c-column\">\n<div class=\"wp-block-stackable-column stk-block-column stk-column stk-block stk-520f785\" data-v=\"4\" data-block-id=\"520f785\"><div class=\"stk-column-wrapper stk-block-column__content stk-container stk-520f785-container stk--no-background stk--no-padding\"><div class=\"stk-block-content stk-inner-blocks stk-520f785-inner-blocks\">\n<div class=\"wp-block-stackable-card stk-block-card stk-block stk-6839c35 is-style-default\" data-v=\"2\" data-block-id=\"6839c35\"><style>.stk-6839c35 .stk-block-card__image img{object-position:30% 21% !important;}<\/style><div class=\"stk--no-padding stk-container stk-6839c35-container stk-hover-parent\"><figure class=\"stk-block-card__image stk-img-wrapper stk-image--shape-stretch\"><img loading=\"lazy\" decoding=\"async\" class=\"stk-img wp-image-846\" src=\"https:\/\/estudiofochesato.com\/wp-content\/uploads\/2023\/03\/8.png\" width=\"1920\" height=\"1080\" srcset=\"https:\/\/estudiofochesato.com\/wp-content\/uploads\/2023\/03\/8.png 1920w, https:\/\/estudiofochesato.com\/wp-content\/uploads\/2023\/03\/8-300x169.png 300w, https:\/\/estudiofochesato.com\/wp-content\/uploads\/2023\/03\/8-1024x576.png 1024w, https:\/\/estudiofochesato.com\/wp-content\/uploads\/2023\/03\/8-768x432.png 768w, https:\/\/estudiofochesato.com\/wp-content\/uploads\/2023\/03\/8-1536x864.png 1536w\" sizes=\"auto, (max-width: 1920px) 100vw, 1920px\" \/><\/figure><div class=\"stk-container-padding stk-block-card__content\"><div class=\"stk-block-content stk-inner-blocks stk-6839c35-inner-blocks\">\n<div class=\"wp-block-stackable-heading stk-block-heading stk-block-heading--v2 stk-block stk-cb91ece\" id=\"c-title-1-placeholder\" data-block-id=\"cb91ece\"><h3 class=\"stk-block-heading__text\">Ciudadan\u00eda Argentina<\/h3><\/div>\n\n\n\n<div class=\"wp-block-stackable-subtitle stk-block-subtitle stk-block stk-9bc2904\" data-block-id=\"9bc2904\"><p class=\"stk-block-subtitle__text stk-subtitle\">Tramitaci\u00f3n de Ciudadan\u00eda<\/p><\/div>\n\n\n\n<div class=\"wp-block-stackable-text stk-block-text stk-block stk-2a9bfe6\" data-block-id=\"2a9bfe6\"><p class=\"stk-block-text__text\">Tramite y ciudadan\u00eda para extranjeros que necesitan la residencia en Argentina.<\/p><\/div>\n\n\n\n<div class=\"wp-block-stackable-button-group stk-block-button-group stk-block stk-00a0113\" data-block-id=\"00a0113\"><div class=\"stk-row stk-inner-blocks stk-block-content stk-button-group\">\n<div class=\"wp-block-stackable-button stk-block-button stk-block stk-c8eeced\" data-block-id=\"c8eeced\"><a class=\"stk-link stk-button stk--hover-effect-darken\" href=\"https:\/\/api.whatsapp.com\/message\/BY4XDIR6XUZ2D1?autoload=1&amp;app_absent=0\" target=\"_blank\" rel=\"noreferrer noopener\"><span class=\"stk-button__inner-text\">Consult\u00e1 sin cargo aqu\u00ed<\/span><\/a><\/div>\n<\/div><\/div>\n<\/div><\/div><\/div><\/div>\n<\/div><\/div><\/div>\n\n\n\n<div class=\"wp-block-stackable-column stk-block-column stk-column stk-block stk-2b979f7\" data-v=\"4\" data-block-id=\"2b979f7\"><div class=\"stk-column-wrapper stk-block-column__content stk-container stk-2b979f7-container stk--no-background stk--no-padding\"><div class=\"stk-block-content stk-inner-blocks stk-2b979f7-inner-blocks\">\n<div class=\"wp-block-stackable-card stk-block-card stk-block stk-b86afcd is-style-default\" data-v=\"2\" data-block-id=\"b86afcd\"><div class=\"stk--no-padding stk-container stk-b86afcd-container stk-hover-parent\"><figure class=\"stk-block-card__image stk-img-wrapper stk-image--shape-stretch\"><img loading=\"lazy\" decoding=\"async\" class=\"stk-img wp-image-533\" src=\"https:\/\/estudiofochesato.com\/wp-content\/uploads\/2022\/05\/services-image-2.webp\" width=\"615\" height=\"413\" srcset=\"https:\/\/estudiofochesato.com\/wp-content\/uploads\/2022\/05\/services-image-2.webp 615w, https:\/\/estudiofochesato.com\/wp-content\/uploads\/2022\/05\/services-image-2-300x201.webp 300w\" sizes=\"auto, (max-width: 615px) 100vw, 615px\" \/><\/figure><div class=\"stk-container-padding stk-block-card__content\"><div class=\"stk-block-content stk-inner-blocks stk-b86afcd-inner-blocks\">\n<div class=\"wp-block-stackable-heading stk-block-heading stk-block-heading--v2 stk-block stk-9515242\" id=\"c-title-2-placeholder\" data-block-id=\"9515242\"><h3 class=\"stk-block-heading__text\">Ciudadan\u00eda Espa\u00f1ola<\/h3><\/div>\n\n\n\n<div class=\"wp-block-stackable-subtitle stk-block-subtitle stk-block stk-760bc3e\" data-block-id=\"760bc3e\"><p class=\"stk-block-subtitle__text stk-subtitle\">Tramitaci\u00f3n de Ciudadan\u00eda<\/p><\/div>\n\n\n\n<div class=\"wp-block-stackable-text stk-block-text stk-block stk-664251f\" data-block-id=\"664251f\"><p class=\"stk-block-text__text\">Tramite y ciudadan\u00eda para argentinos que necesitan acceder a la ciudadan\u00eda espa\u00f1ola.<\/p><\/div>\n\n\n\n<div class=\"wp-block-stackable-button-group stk-block-button-group stk-block stk-5c1ce32\" data-block-id=\"5c1ce32\"><div class=\"stk-row stk-inner-blocks stk-block-content stk-button-group\">\n<div class=\"wp-block-stackable-button stk-block-button stk-block stk-0cc02ce\" data-block-id=\"0cc02ce\"><a class=\"stk-link stk-button stk--hover-effect-darken\" href=\"https:\/\/api.whatsapp.com\/message\/BY4XDIR6XUZ2D1?autoload=1&amp;app_absent=0\" target=\"_blank\" rel=\"noreferrer noopener\"><span class=\"stk-button__inner-text\">Consult\u00e1 sin cargo aqu\u00ed<\/span><\/a><\/div>\n<\/div><\/div>\n<\/div><\/div><\/div><\/div>\n<\/div><\/div><\/div>\n\n\n\n<div class=\"wp-block-stackable-column stk-block-column stk-column stk-block stk-dba2e3e\" data-v=\"4\" data-block-id=\"dba2e3e\"><div class=\"stk-column-wrapper stk-block-column__content stk-container stk-dba2e3e-container stk--no-background stk--no-padding\"><div class=\"stk-block-content stk-inner-blocks stk-dba2e3e-inner-blocks\">\n<div class=\"wp-block-stackable-card stk-block-card stk-block stk-fa3b446 is-style-default\" data-v=\"2\" data-block-id=\"fa3b446\"><div class=\"stk--no-padding stk-container stk-fa3b446-container stk-hover-parent\"><figure class=\"stk-block-card__image stk-img-wrapper stk-image--shape-stretch\"><img loading=\"lazy\" decoding=\"async\" class=\"stk-img wp-image-1331\" src=\"https:\/\/estudiofochesato.com\/wp-content\/uploads\/2025\/10\/CIUDADANIA-ITALIANA-Y-ARGENTINA.jpg\" width=\"847\" height=\"477\" srcset=\"https:\/\/estudiofochesato.com\/wp-content\/uploads\/2025\/10\/CIUDADANIA-ITALIANA-Y-ARGENTINA.jpg 847w, https:\/\/estudiofochesato.com\/wp-content\/uploads\/2025\/10\/CIUDADANIA-ITALIANA-Y-ARGENTINA-300x169.jpg 300w, https:\/\/estudiofochesato.com\/wp-content\/uploads\/2025\/10\/CIUDADANIA-ITALIANA-Y-ARGENTINA-768x433.jpg 768w\" sizes=\"auto, (max-width: 847px) 100vw, 847px\" \/><\/figure><div class=\"stk-container-padding stk-block-card__content\"><div class=\"stk-block-content stk-inner-blocks stk-fa3b446-inner-blocks\">\n<div class=\"wp-block-stackable-heading stk-block-heading stk-block-heading--v2 stk-block stk-e3b091d\" id=\"c-title-3-placeholder\" data-block-id=\"e3b091d\"><h3 class=\"stk-block-heading__text\">Ciudadan\u00eda Italiana<\/h3><\/div>\n\n\n\n<div class=\"wp-block-stackable-subtitle stk-block-subtitle stk-block stk-cb033da\" data-block-id=\"cb033da\"><p class=\"stk-block-subtitle__text stk-subtitle\">Tramitaci\u00f3n de Ciudadan\u00eda<\/p><\/div>\n\n\n\n<div class=\"wp-block-stackable-text stk-block-text stk-block stk-0ef0432\" data-block-id=\"0ef0432\"><p class=\"stk-block-text__text\">Tramite y ciudadan\u00eda para argentinos que necesitan acceder a la ciudadan\u00eda italiana.<\/p><\/div>\n\n\n\n<div class=\"wp-block-stackable-button-group stk-block-button-group stk-block stk-2777e12\" data-block-id=\"2777e12\"><div class=\"stk-row stk-inner-blocks stk-block-content stk-button-group\">\n<div class=\"wp-block-stackable-button stk-block-button stk-block stk-79f8f78\" data-block-id=\"79f8f78\"><a class=\"stk-link stk-button stk--hover-effect-darken\" href=\"https:\/\/api.whatsapp.com\/message\/BY4XDIR6XUZ2D1?autoload=1&amp;app_absent=0\" target=\"_blank\" rel=\"noreferrer noopener\"><span class=\"stk-button__inner-text\">Consult\u00e1 sin cargo aqu\u00ed<\/span><\/a><\/div>\n<\/div><\/div>\n<\/div><\/div><\/div><\/div>\n<\/div><\/div><\/div>\n<\/div><\/div>\n<\/div><\/div><\/div>\n<\/div><\/div>\n\n\n\n<h1 class=\"wp-block-heading has-text-align-center\">TR\u00c1MITES DE CIUDADAN\u00cdA &#8211; ESTUDIO ESPECIALIZADO<\/h1>\n\n\n\n<p><\/p>\n","protected":false},"excerpt":{"rendered":"<p>Estudio Jur\u00eddico Fochesato y Asociados. Contamos con Especialistas en:<br \/>\nTramitaci\u00f3n de Ciudadan\u00edas Argentinas para Extranjeros.<br \/>\nTramitaci\u00f3n de Ciudadan\u00edas Espa\u00f1olas.<br \/>\nTramitaci\u00f3n de Ciudadan\u00edas Italianas.<\/p>\n","protected":false},"author":1,"featured_media":0,"parent":0,"menu_order":0,"comment_status":"closed","ping_status":"closed","template":"","meta":{"footnotes":""},"class_list":["post-1326","page","type-page","status-publish","hentry"],"blocksy_meta":[],"_links":{"self":[{"href":"https:\/\/estudiofochesato.com\/index.php?rest_route=\/wp\/v2\/pages\/1326","targetHints":{"allow":["GET"]}}],"collection":[{"href":"https:\/\/estudiofochesato.com\/index.php?rest_route=\/wp\/v2\/pages"}],"about":[{"href":"https:\/\/estudiofochesato.com\/index.php?rest_route=\/wp\/v2\/types\/page"}],"author":[{"embeddable":true,"href":"https:\/\/estudiofochesato.com\/index.php?rest_route=\/wp\/v2\/users\/1"}],"replies":[{"embeddable":true,"href":"https:\/\/estudiofochesato.com\/index.php?rest_route=%2Fwp%2Fv2%2Fcomments&post=1326"}],"version-history":[{"count":12,"href":"https:\/\/estudiofochesato.com\/index.php?rest_route=\/wp\/v2\/pages\/1326\/revisions"}],"predecessor-version":[{"id":1348,"href":"https:\/\/estudiofochesato.com\/index.php?rest_route=\/wp\/v2\/pages\/1326\/revisions\/1348"}],"wp:attachment":[{"href":"https:\/\/estudiofochesato.com\/index.php?rest_route=%2Fwp%2Fv2%2Fmedia&parent=1326"}],"curies":[{"name":"wp","href":"https:\/\/api.w.org\/{rel}","templated":true}]}}